 776350386 and 378?
378
What is the highest common factor of 5566 and 2495086?
506
What is the greatest common factor of 566194285 and 685?
685
Calculate the highest common divisor of 13 and 636940460.
13
Calculate the highest common factor of 28 and 160139756.
28
What is the highest common factor of 15 and 91981635?
15
Calculate the greatest common divisor of 58900 and 125922310.
5890
Calculate the greatest common divisor of 410000 and 32882.
82
Calculate the greatest common divisor of 350 and 15421140.
70
Calculate the greatest common divisor of 15067826 and 581805.
1847
Calculate the greatest common divisor of 11207 and 168637.
7
Calculate the highest common factor of 1197 and 3001824.
63
Calculate the greatest common divisor of 2160 and 75532176.
432
What is the greatest common factor of 1148595 and 840?
105
What is the highest common divisor of 1887 and 6793089?
111
What is the greatest common factor of 2409267 and 8225?
329
What is the highest common factor of 20 and 16532745?
5
What is the highest common divisor of 110240 and 640120?
520
What is the greatest common factor of 6064633 and 111?
37
What is the highest common divisor of 12396503 and 3395?
679
Calculate the greatest common divisor of 468446 and 2189.
2189
What is the highest common divisor of 111443024 and 578?
578
What is the highest common divisor of 603580 and 412?
412
Calculate the greatest common factor of 1027 and 10914877.
79
What is the highest common divisor of 43653944 and 3268?
3268
What is the highest common factor of 528 and 3320196?
132
What is the highest common divisor of 1654159 and 18824?
2353
Calculate the highest common factor of 449280 and 31590.
3510
What is the greatest common factor of 2430 and 3610080?
90
What is the highest common divisor of 25027 and 750346?
29
What is the greatest common factor of 27537080 and 85815?
9535
What is the greatest common divisor of 52 and 29231761?
13
Calculate the highest common factor of 337294752 and 8.
8
Calculate the highest common divisor of 48520264 and 1704.
568
What is the highest common divisor of 15297024 and 13248?
4416
What is the highest common divisor of 570 and 13819290?
30
What is the greatest common divisor of 5360955 and 276?
69
Calculate the greatest common factor of 1784443 and 561823.
2911
Calculate the greatest common divisor of 6358 and 7238.
22
Calculate the greatest common divisor of 150969 and 1214941.
7189
Calculate the greatest common factor of 1731598 and 5.
1
Calculate the highest common factor of 10095 and 3628245.
15
What is the greatest common factor of 17325035 and 65?
65
Calculate the highest common factor of 1210 and 296620610.
1210
What is the highest common divisor of 13318467 and 314?
157
What is the greatest common factor of 2232 and 2814831?
279
What is the highest common divisor of 54260364 and 8315?
1663
What is the highest common divisor of 43560 and 54494649?
1089
What is the greatest common divisor of 94736 and 1534494?
382
Calculate the highest common divisor of 21083025 and 60.
15
Calculate the greatest common divisor of 1381230253 and 1137.
379
What is the greatest common divisor of 1802 and 113283631?
901
What is the highest common factor of 30469430 and 3364?
1682
What is the highest common factor of 15148838 and 5601?
1867
Calculate the highest common divisor of 89260 and 10270.
10
What is the greatest common divisor of 1402557 and 1404?
39
What is the greatest common divisor of 668703 and 3129?
21
Calculate the greatest common divisor of 87966 and 381834.
162
What is the greatest common factor of 238 and 172975306?
238
What is the greatest common divisor of 3903015 and 135?
15
Calculate the greatest common factor of 5215167 and 8789.
47
Calculate the highest common factor of 22 and 33187924.
22
What is the greatest common divisor of 114210 and 2169520?
470
What is the greatest common factor of 281 and 1695466047?
281
Calculate the highest common divisor of 117852265 and 7610.
3805
Calculate the greatest common factor of 6181119 and 36162.
2583
Calculate the highest common factor of 73571724 and 82650.
3306
Calculate the greatest common factor of 4692 and 128839192.
1564
Calculate the highest common factor of 759 and 7200127.
253
What is the greatest common factor of 259 and 7526183?
7
What is the greatest common divisor of 38 and 2377218?
2
What is the highest common factor of 75 and 761415?
15
Calculate the highest common factor of 292 and 940518276.
292
What is the highest common factor of 19829 and 129244?
79
What is the highest common factor of 720384 and 17088?
192
What is the greatest common factor of 4872 and 1562085?
609
What is the greatest common divisor of 752 and 41550256?
752
What is the highest common divisor of 168529 and 301229?
1327
What is the highest common divisor of 3648 and 6349248?
192
Calculate the greatest common factor of 155604 and 1709.
1
What is the greatest common divisor of 7227378 and 90?
18
What is the greatest common divisor of 6250595 and 34040?
4255
What is the greatest common factor of 79552 and 678226?
226
What is the highest common factor of 1680115 and 1682?
29
What is the highest common factor of 73694023 and 65?
13
What is the greatest common factor of 49 and 25749157?
49
What is the highest common factor of 4278 and 127815232?
1426
Calculate the greatest common factor of 1276 and 183439993.
319
What is the greatest common factor of 3129006 and 6372?
354
What is the greatest common factor of 620 and 5013280?
20
Calculate the greatest common divisor of 137979 and 7713.
9
What is the highest common divisor of 120618 and 561?
3
What is the greatest common divisor of 59952 and 2340626?
2498
What is the highest common factor of 4871784 and 4428?
492
What is the highest common divisor of 134685 and 10496?
41
Calculate the greatest common divisor of 989652 and 32.
4
Calculate the highest common factor of 34 and 1238320273.
17
Calculate the highest common divisor of 14700 and 616291620.
2940
Calculate the highest common divisor of 5 and 22494960.
5
Calculate the greatest common divisor of 266862897 and 180306.
10017
Calculate the highest common divisor of 344864 and 1184.
32
Calculate the highest common divisor of 8230964 and 3220.
644
What is the highest common factor of 2416400032 and 32?
32
What is the greatest common factor of 67924246 and 26?
26
Calculate the greatest common divisor of 550 and 40150.
550
Calculate the greatest common divisor of 2134 and 128686602.
2134
Calculate the greatest common factor of 928 and 1986464.
32
Calculate the highest common factor of 29907357 and 3429.
381
Calculate the greatest common factor of 1739339 and 7.
7
What is the highest common factor of 48110692 and 56?
28
Calculate the greatest common divisor of 470 and 9680720.
10
What is the greatest common divisor of 2132073 and 99?
9
What is the highest common factor of 8016 and 829968?
48
Calculate the highest common divisor of 25700 and 1246964.
1028
Calculate the greatest common divisor of 8125 and 202007000.
1625
What is the highest common divisor of 1551985 and 70?
5
What is the highest common factor of 390464 and 23696?
16
What is the highest common divisor of 86 and 61918366?
86
What is the greatest common divisor of 460 and 982261690?
230
What is the greatest common divisor of 5777893 and 509641?
1177
What is the greatest common divisor of 248600 and 705100?
1100
Calculate the greatest common factor of 7489094 and 3730.
746
What is the highest common factor of 2964 and 14639082?
114
What is the highest common divisor of 35210 and 124810?
70
Calculate the highest common factor of 2558 and 438510266.
2558
Calculate the highest common factor of 1201731 and 22537.
727
What is the highest common divisor of 5140 and 3278292?
1028
Calculate the greatest common factor of 127204 and 128051.
77
Calculate the highest common factor of 48548 and 279204.
212
Calculate the highest common factor of 24871 and 1432277.
1463
Calculate the highest common divisor of 42987896 and 1568.
392
What is the greatest common divisor of 8758 and 377426010?
8758
What is the greatest common divisor of 75292327 and 275?
11
Calculate the greatest common divisor of 31760190 and 5390.
770
Calculate the highest common divisor of 3600 and 10487340.
180
Calculate the highe